ivisor of c and 110?
22
Let m = 78 + 26. Let h = m - 94. Calculate the greatest common divisor of h and 50.
10
Suppose l - 658 = -3*z, z + 10*l - 5*l = 210. Calculate the greatest common factor of 20 and z.
20
Let m(r) = -17*r + 34. Let d be m(-6). What is the highest common divisor of d and 24?
8
Let o(d) = -5*d**2 - 4*d - 13. Let u be o(-15). Let s = u - -1519. Calculate the highest common divisor of s and 49.
49
Let r(v) = 30*v - 168. Let n be r(6). What is the greatest common divisor of n and 78?
6
Suppose 9*x = 4*x + 10. Suppose 4*a + r - 2*r - 36 = 0, 28 = 2*a - 3*r. Calculate the highest common factor of x and a.
2
Let o(t) = -36*t**3 - t**2 - t. Let g be o(-1). Suppose 139*m + 180 = 141*m. Calculate the greatest common divisor of m and g.
18
Let h = 0 - -42. Suppose 3*x - 188 = b, -3*x + 5*b - 129 = -313. Calculate the greatest common factor of x and h.
21
Suppose -2*h = 5*w - 44, 4*w = -2*h + 1 + 45. Let p(v) = -5*v + 2*v + h + 3*v - v. Let z be p(12). Calculate the highest common factor of 30 and z.
15
Let k be (-4 - -1 - -3)/(-4). Suppose -100 = -5*d + 2*j, k = -3*d + 5*j + 72 + 7. What is the greatest common divisor of 36 and d?
18
Let l = -40 + 44. Suppose l*k = 2*k + 104. Let p(o) = -o**3 - 6*o**2 - 2*o + 1. Let m be p(-6). Calculate the greatest common factor of m and k.
13
Let z be (-4 + -24)/(2/(-28)). Calculate the greatest common factor of 49 and z.
49
Suppose 0 = 40*n - 21*n - 114. Calculate the highest common divisor of n and 27.
3
Let f be 30 - 1 - ((-54)/(-9) - 10). Let m = 38 + -27. Calculate the highest common factor of f and m.
11
Suppose 27*j = 25*j + 6. Suppose -j + 59 = y. What is the highest common factor of y and 7?
7
Let y(g) = g**2 - 2*g - 40. Let p be y(13). Let h = -91 + p. What is the highest common factor of 36 and h?
12
Let s be (-24)/(-144) + 62/(-12). Let m be 1*(2/1 - -2). Let l be 10 - (s - (m + -8)). What is the greatest common divisor of l and 77?
11
Let z(w) = w**3 + 27*w**2 + 18*w - 1. Let m be z(-26). Let j = 302 - m. What is the greatest common factor of j and 38?
19
Suppose 5 - 3 = -y. Let v be (10/(-15))/(y/12). Suppose 365 = v*t + 5*p, -t + 51 = p - 39. What is the highest common factor of t and 34?
17
Let w = -2 - -42. Calculate the highest common divisor of w and 280.
40
Let p(h) = 31*h + 62. Let i be p(13). Calculate the greatest common divisor of 15 and i.
15
Suppose 0*v + 5*v = -3*d + 85, 0 = v - 4*d + 6. Suppose -43976 = -19*i - 43444. What is the greatest common factor of i and v?
14
Suppose 3*l + 2*u - 424 = -l, 3*u + 414 = 4*l. Calculate the highest common factor of l and 270.
15
Let j = -31 - -32. Let i be j*-1 + (-220)/(-10). Calculate the greatest common divisor of i and 14.
7
Let g be (-2)/(-15) + (-20)/150. Suppose g = -0*p - 3*p + 9. Suppose -j = p*j - 300. Calculate the greatest common divisor of 25 and j.
25
Let c be ((-1)/(-1))/(1/9). Suppose -69 = -3*o + 3*v + 6, -5*v + 10 = 0. What is the highest common factor of o and c?
9
Suppose 0 = -2*f - 4*f - 78. Let c = f + 32. What is the greatest common factor of c and 19?
19
Suppose 2*f - l + 4*l - 14 = 0, -l + 2 = 0. Suppose f*n - 10 = 2*r - 0, 9 = 3*r. What is the greatest common factor of 1 and n?
1
Suppose -27*i = -30*i, 600 = 4*r + i. Calculate the highest common factor of 4 and r.
2
Let g = 129 + 22. Let z = g - 95. What is the greatest common factor of 28 and z?
28
Let d = -254 - -744. Suppose -m = -6*m + d. What is the highest common divisor of 14 and m?
14
Let w(v) = -v**3 - 50*v**2 - 401*v + 13. Let u be w(-10). Suppose -s + 828 = 3*s. Calculate the highest common divisor of u and s.
23
Suppose -4*g - 5*x + 40 = -34, -3*g + 58 = 5*x. Calculate the highest common divisor of g and 160.
16
Suppose -5 = p, 2*y - 81 = 6*p - 3*p. Let v = -23 - -25. Let i be (v/6)/((-18)/(-162)). What is the greatest common factor of y and i?
3
Let x(v) = 26*v + 148. Let f be x(-3). What is the highest common divisor of 4200 and f?
70
Let t = -251 - -275. Calculate the greatest common factor of t and 6.
6
Suppose 0 = -l + 53*d - 49*d + 1400, 0 = 2*l - 3*d - 2810. What is the greatest common divisor of l and 44?
44
Let a(k) = 2*k**2 + 11*k + 9. Suppose -21*m + 15*m - 54 = 0. Let q be a(m). What is the greatest common divisor of q and 9?
9
Suppose -y = 3*z - 13, 4*z + 1 = -3. Let w(v) = 2*v - 1. Let a be w(5). Let i = a - 5. Calculate the highest common divisor of y and i.
4
Let m be (-7)/(-4) + (-168)/(-32). Let k(l) = l + 49. Let a be k(0). Calculate the greatest common divisor of a and m.
7
Suppose -5*p + 53 = -7. Let o(v) = -v**3 + 12*v**2 + 16*v - 11. Let w be o(13). Let h = 46 - w. Calculate the greatest common divisor of p and h.
6
Let j be 130/14 - 4/14. Let l = 213 + -150. What is the highest common factor of l and j?
9
Let u(a) = -7*a - 16. Let k = -14 + 10. Let y be u(k). Let o(x) = -x**3 - 3*x**2 - x + 1. Let i be o(-3). Calculate the greatest common factor of i and y.
4
Let g be 604/(-10) - 2/(-5). Let l = 48 - g. What is the greatest common divisor of 12 and l?
12
Suppose 12 = 5*b + 2. Suppose 5*n = i + 109, 13*i - 111 = -5*n + 12*i. What is the highest common divisor of n and b?
2
Let v = -205 - -214. Suppose 3*x + 2*x = 10. Suppose -x*t = -6*t + 396. Calculate the highest common divisor of v and t.
9
Suppose 0 = 2*d - 3*k - 30, 5*d - 4*k - 13 = 48. Let l = 11 + d. What is the highest common factor of 8 and l?
4
Let b(f) = -f + 22. Let u be b(11). Suppose 30*y - 33*y = -132. Calculate the highest common divisor of u and y.
11
Let m = 204 - 120. Calculate the greatest common divisor of 24 and m.
12
Let y(x) = -x**3 + 9*x**2 + 9*x + 18. Let t be y(8). Suppose -3*b - 14 = -4*b. What is the highest common factor of b and t?
14
Suppose 5*v - 3*f - 1380 = 0, -v + 253 = -f + 5*f. What is the highest common factor of v and 39?
39
Let m be (0 + -33)/(-15 + (-792)/(-55)). Suppose 3*p - 22 = -7. What is the highest common divisor of m and p?
5
Let n be (6 + -7)*(-5 + 0). Let o be (-4224)/(-198) - (2 + (-2)/3). Calculate the greatest common divisor of o and n.
5
Let n = -165 + 216. What is the greatest common divisor of 153 and n?
51
Let i be (-1911)/52*8/(-3). Let a = i + -42. Let y be 581/a - 3/8. What is the greatest common factor of 5 and y?
5
Let k = 8 - 5. Suppose 2*y + 5*w - 22 = 0, -3*y + 88 - 17 = -2*w. Calculate the highest common factor of y and k.
3
Suppose -476 = 8*g - 10*g + 4*v, 4*g = -5*v + 926. What is the greatest common divisor of 312 and g?
78
Let x = -14 - -222. Let f = -91 + x. Let l = f + -37. What is the highest common factor of l and 16?
16
Suppose -1496 = -15*p - 2*p. What is the highest common factor of 33 and p?
11
Suppose -2*r - 5*q = -34, r + q - 16 + 2 = 0. Let i be 168*((-15)/(-6) + -2). Calculate the highest common divisor of i and r.
12
Let s be -1*(1 - 0)*6. Let d be ((-11)/(-2))/(s/(-12)). Suppose -q + 2*q = d. What is the greatest common factor of q and 44?
11
Suppose -4*i - 5*j = -1922 - 1765, -3*j + 4599 = 5*i. What is the greatest common factor of 54 and i?
54
Let l(g) = -32*g - 280. Let k be l(-9). What is the greatest common divisor of 720 and k?
8
Suppose 0 = 3*f + 2*f - 20. Suppose -4 = -2*g - f*d, 3*g - 20 = 2*d + 18. Suppose 3*p = 2*p + g. Calculate the greatest common factor of 2 and p.
2
Let v be (2/(-17) - 10868/2992)*-20. Calculate the greatest common divisor of v and 60.
15
Let t = 10 - 5. Let d be 4/(-18) + (-9380)/(-90) + -3 - 6. Calculate the highest common divisor of t and d.
5
Let w be (-3)/(4 - (3 + 2)). Suppose w*y - 133 = 182. Suppose -d + 17 + 18 = 0. Calculate the greatest common factor of y and d.
35
Let m = -16 + 9. Let b = -14 + m. Let s = b + 29. Calculate the greatest common divisor of s and 72.
8
Suppose 212 = -9*f - 337. Let a = -30 - f. Calculate the highest common factor of 341 and a.
31
Let t = 278 - 254. What is the highest common factor of 18 and t?
6
Let p = 50 - 76. Let b = 34 + p. What is the greatest common divisor of 32 and b?
8
Let m(a) = a**3 - a**2 + a + 20. Let c be m(0). Let i be (6*(-5)/3)/((-2)/3). Calculate the highest common divisor of c and i.
5
Let t = 29 - 20. Suppose 0 = 2*j + 27 + 17. Let d be j/(-99) + 691/t. What is the highest common divisor of 11 and d?
11
Let w(i) = -2*i**3 + 19*i**2 + 14*i - 26. Let j be w(10). Calculate the highest common fa